e?
False
Let s(m) = 2*m**3 - 43*m**2 - 449*m - 373. Is s(81) a composite number?
True
Let a(w) = -5787*w + 7759. Is a(-17) prime?
False
Suppose -3*v - 3*s + 3 = 0, -5*v + 13 = -2*s + 1. Let r be (-2)/6*((-4170)/v - -3). Let t = 1583 - r. Is t composite?
True
Let s(f) = -453*f - 145. Let h be s(8). Let x = h - -8142. Is x prime?
True
Let n = 60185 - -33686. Is n composite?
False
Let y(w) = -3121*w - 235. Is y(-2) a prime number?
True
Let d(m) = m**3 + 3*m**2 - 9*m + 7. Let b be d(-5). Suppose -1500 = -3*g - g + b*l, 2*l - 1484 = -4*g. Is g composite?
False
Is -8209*2/6*(-6)/2 a prime number?
True
Suppose -13*o = -17*o + 20. Suppose -p + 4*p = -o*d + 2609, 2*d = 4*p + 1054. Is d prime?
True
Suppose -4*c = -5*s + 19 + 7, 20 = 2*s - 4*c. Suppose 0 = 5*t + 3*b - 2350, -1863 = -s*t - 2*t + b. Is t a prime number?
True
Suppose 18*d + 396764 = 1220282. Is d a composite number?
False
Suppose 2*n - 573733 = -15*x + 20*x, -5*n + 1434292 = x. Is n a prime number?
True
Suppose -72 = -20*k + 28. Suppose -k*y = 5269 - 14454. Is y a composite number?
True
Let z be (4/(-6))/((-3)/45). Suppose 8*d = 9*d + z. Is (14/d + (-2)/(-5))*-633 a prime number?
False
Is (-1)/4 - (2/5)/((-448)/110193720) a composite number?
False
Suppose 0 = -2*w + 5*t + 3, -3*w + 36 = -47*t + 50*t. Is (-18)/27 + 89925/w a prime number?
False
Is (350427680/(-90))/(-16) + 12/27 prime?
False
Let n(a) = -1670*a. Let d be n(3). Suppose 5*m + 4952 = -3*m. Let o = m - d. Is o a composite number?
False
Let k(s) = 4*s**3 - 12*s**2 + 26*s - 158. Let p be k(-29). Let q = -61221 - p. Is q composite?
False
Let l(g) = -8*g**3 + 3*g - 6. Let c be 9/3 + -8 - 0. Let m be l(c). Is m/(2/(-1 + 3)) a prime number?
False
Suppose -1 + 9 = n. Suppose -n*c = -15433 + 409. Suppose 0 = -7*u + c + 2553. Is u a prime number?
False
Let f be (8 + 2)*3/(-6) - -6. Is (-3540)/(5 - 11) + (-3 - f) a prime number?
False
Let t(w) = -3281*w - 1765. Is t(-52) composite?
True
Is 72435 + 8*(-21)/42 prime?
True
Suppose -5*v = 2*t - 29476, -4*v + 4*t = v - 29458. Let o = 11206 - v. Suppose -2*h + o = 4*a, 0 = 2*a - 4*h + h - 2664. Is a a composite number?
True
Let s be ((-6)/27 + (-4)/36)*-9. Is (-16)/(s - -1) - -4 - -211 a composite number?
False
Suppose 110*k = 122*k - 820140. Is k composite?
True
Let g = -7 - -9. Suppose -43 = -5*c - 4*r, -g*c - 3*r + 14 + 6 = 0. Suppose -6*q = -c*q + 9. Is q a prime number?
False
Let f = -2972 - -5190. Suppose 0 = -5*p - 4*t + 11090, 2*p - f = p - t. Is p a composite number?
True
Let w(s) = -19052*s**3 + s**2 + 2*s. Suppose 5*m = 2*o - 18, -29*o = -34*o - 4*m - 21. Is w(o) composite?
False
Let f = 53 + -48. Suppose 4*d = 4*w + 26844, 4*d - 13421 = 2*w - f. Is w/(-10) - (-14)/(-35) a composite number?
True
Is 5 - (-1*18/15)/(64/2283520) a composite number?
False
Suppose 0 = 2*k - 0 - 6, 0 = -4*c - 2*k + 14. Let v(y) = 1 - 597*y**3 - c*y + 1 - y**2 - 3. Is v(-1) composite?
True
Let a(z) = 2*z**2 + 7*z - 8. Let f(b) = -b**2 - 4*b + 4. Let p(x) = 3*a(x) + 5*f(x). Let d be p(2). Suppose -d*t + 4*t - 1370 = 0. Is t a prime number?
False
Suppose 7*m + 3*t = 10*m - 1195119, 3*t - 1593520 = -4*m. Is m composite?
True
Let b = -69504 + 130447. Is b a composite number?
False
Suppose -168*o + 169*o + 4*s = 240063, 240059 = o + 5*s. Is o prime?
False
Suppose -265293 - 252847 = -4*k. Suppose k = -62*n + 67*n. Is n composite?
True
Suppose 202*z - 204*z = -5*c - 92927, -3*z + 139416 = c. Is z a prime number?
True
Suppose -2*l + 84*d - 81*d - 4 = 0, -2*d = l - 12. Let p = -2161 + 7942. Suppose -103 - p = -l*o. Is o a prime number?
True
Suppose -267 = -0*m + 3*m. Let y = m - -230. Let z = y + 238. Is z prime?
True
Let c(n) = -n**3 + 5*n**2 - 4*n + 7. Let i be c(4). Let h be 4 + i/(21/990). Let y = h + -111. Is y a prime number?
True
Let x = 153479 + -90486. Is x composite?
True
Let b(x) = x**3 + 10*x**2 + 22*x + 10. Let i be b(-7). Suppose 3005 = 5*m - 5*c, 0 = m + 4*m + i*c - 3045. Suppose 6*w - m - 348 = 0. Is w a prime number?
False
Let q(c) be the second derivative of c**4/12 + c**3 - 11*c**2 + 6*c. Let b be q(-9). Let f = 14 + b. Is f a prime number?
True
Suppose -33 = 5*b + 5*u + 32, 41 = -2*b + 3*u. Let m = -154 + 123. Let h = b - m. Is h a composite number?
True
Let i(g) = -g**2 - 29*g - 188. Let a be i(-19). Suppose 3*v = r + r - 318, -3*r + a*v = -477. Is r a prime number?
False
Let m = 4055 - 1721. Let u = -1393 + m. Is u a composite number?
False
Suppose -12*q + 7837453 = -678547 + 1340348. Is q prime?
False
Let j(y) = -y**3 + 14*y**2 + 15*y. Let p be j(15). Let x be (p + -2)/(4 + (-36)/8). Suppose -154 = 2*h - x*h + 4*z, 0 = -3*h - 2*z + 239. Is h composite?
False
Suppose 5*n + 2*m = 279, -12 = 2*m + 2*m. Let t(i) = -n - 49 + 83 + 108*i. Is t(11) a composite number?
True
Suppose -11*g = 16*g - 4496607. Is g a composite number?
False
Suppose 4*a + 244 = -72. Let x = a + 147. Let w = 59 + x. Is w a prime number?
True
Let s = -1794 - 877. Let i = s + -700. Is (-4)/(-24) - i/6 a prime number?
False
Let n(j) = 8*j + 46. Let h be n(-6). Is 356853/245*5 - h/7 composite?
False
Suppose -2*r + 128300 = 114*a - 113*a, 5*r = 4*a + 320763. Is r prime?
True
Is (-25 + 19)*1201677/(-18) composite?
False
Suppose 34640 = 106*j - 111*j. Let d = 8125 - j. Is d prime?
True
Let d(t) = 4*t**2 + 21*t + 18. Let w(y) = -5*y**2 - 21*y - 17. Let o(a) = 4*d(a) + 3*w(a). Let p be o(-20). Is (p + -2)/(12/(-1092)) composite?
True
Let l = -73775 - -220414. Is l prime?
True
Suppose 18*m = 15*m + 5*o + 186483, 0 = -4*m - o + 248690. Is m a composite number?
False
Let o(d) = 14*d**2 - 4 - 1 - d**3 + 18 + 3*d. Let b = 483 - 473. Is o(b) a prime number?
True
Let u(w) = -32572*w - 263. Is u(-6) a composite number?
True
Let y = 37 + -12. Let h(q) = q**2 - 23*q - 45. Let p be h(y). Suppose -p*s + 4*s = -737. Is s a prime number?
False
Let v(h) = 7*h**2 - 8*h + 20. Let q(i) = -8*i**2 + 7*i - 20. Let x(d) = 3*q(d) + 4*v(d). Let u be x(9). Let j = 62 + u. Is j a composite number?
False
Suppose 28*w - 30*w - 8 = 0. Let n be (7 - 11)*5/w. Suppose -3*l + 10250 - 2114 = -n*p, -3*l + 2*p = -8127. Is l a composite number?
False
Let y = -15 - -7. Let f(s) = -758*s - 2397. Let d be f(-6). Is (-4 - d)*y/20 prime?
False
Suppose -24 = -3*m + 4*b, -3*m + b = -0*b - 15. Suppose -5*z + 117 = -m*w, -4*z - 54 = 2*w - 2*z. Is (-8)/w + -1 + (-7304)/(-14) composite?
False
Let r = 195 - 115. Suppose -r = -0*c + c. Let j = c + 529. Is j a composite number?
False
Let j = 40 - 14. Suppose -5*v + j = 3*r, -r + v - 2 = -0*r. Is (-2 - (-363)/3)/(-1 + r) prime?
False
Let a(r) = -20727*r**3 + 15*r + 19. Is a(-3) composite?
True
Suppose -4*g - 10 = -6. Let i be (-6134)/4*g*(-12 + 14). Let j = 6134 - i. Is j a prime number?
True
Let o be 110/20*(52/22 + -2). Is 94714/26 + o/13 a prime number?
True
Let w(c) = -71*c - 24. Let t be -1*(1 - (-5 - 6/(-2))). Let g be t + (-7)/((-14)/(-4)). Is w(g) prime?
True
Is (8/(-6))/(3*(-40)/10628910) prime?
False
Let x = -203 - -222. Let w(i) = 16*i**2 + 113*i - 16. Is w(x) composite?
False
Let x(a) = -316*a**3 + 14*a**2 - 102*a - 127. Is x(-13) composite?
True
Let o be (-2607534)/(-217) - 4/14. Suppose -9*d + o = -107. Is d a composite number?
True
Let s(d) = -11707*d**3 - 6*d**2 + 15. Is s(-2) a prime number?
False
Let v = 12 - 32. Is (-116)/6*570/v prime?
False
Suppose 11*b - 141710 = 9*b. Let a = b + -50334. Is a prime?
True
Suppose 3*d - 2*t = 10 - 91, 5*t = 0. Let s(x) = -x**3 - 11*x**2 - 15*x - 86. Is s(d) a prime number?
False
Let w(c) = -4*c + 0*c**2 + 8 - 3*c**2 + 7*c - 21*c**3 - 19. Let d be w(-6). Suppose 0 = 4*z - d - 2629. Is z composite?
True
Let x(u) = -2381*u - 299. Let y(j) = 595*j + 74. Let o(g) = 2*x(g) + 9*y(g). Is o(3) a composite number?
False
Let l = 36749 + 29544. Is l composite?
False
Let i(w) = 62888*w - 223. Is i(9) a prime number?
True
Let b(p) = p**3 - 5*p**2 + p + 8. Let z be b(5). Suppose 10*n = z*n - 483. Is n a prime number?
False
Is (-1 - 2)/(6 + 5 + (-5798348)/527122) a prime number?
True
Suppose -6*k = -5*k + 535. Let x = 3362 - 3674. Let f = x - k. Is f a composite number?
False
Let h be (0 - -2)*-1*(4 - 5). Let p be h - ((-1)/(-2) - 9290/4). Suppose 922 = -2*m + p. Is m prime?
True
Suppose -5*n + 1 = -r, 5*r = -7*n + 2*n - 5. Suppose n = -0*i - i + 6771. Is -2 - 4/((-4)/i) composite?
True
Let a =